{"id":2802,"date":"2023-05-04T15:27:21","date_gmt":"2023-05-04T13:27:21","guid":{"rendered":"http:\/\/140.164.41.6\/nutrheff\/?page_id=2802"},"modified":"2023-05-04T15:27:22","modified_gmt":"2023-05-04T13:27:22","slug":"xiii-congresso-nazionale-di-chimica-degli-alimenti","status":"publish","type":"page","link":"http:\/\/140.164.41.6\/nutrheff\/index.php\/xiii-congresso-nazionale-di-chimica-degli-alimenti\/","title":{"rendered":"XIII Congresso Nazionale di Chimica degli Alimenti"},"content":{"rendered":"\n<p>Il 29-31 Maggio 2023 si terr\u00e0 a Marsala, il XIII Congresso Nazionale di Chimica degli Alimenti.<br>Il programma \u00e8 provvisorio ed \u00e8 pertanto ancora possibile presentare un contributo.<br>I Contributi Scientifici al Congresso avranno l&#8217;opportunit\u00e0 di essere pubblicati in un numero speciale della rivista Antioxidants (MDPI).<\/p>\n\n\n\n<p>sito web: <a href=\"https:\/\/chimali2023.it\/\">https:\/\/chimali2023.it\/<\/a><\/p>\n\n\n\n<p><a href=\"http:\/\/140.164.41.6\/nutrheff\/wp-content\/uploads\/2023\/05\/programma-CHIMALI.pdf\">>> programma<\/a><\/p>\n\n\n\n<p><\/p>\n","protected":false},"excerpt":{"rendered":"<p>Il 29-31 Maggio 2023 si terr\u00e0 a Marsala, il XIII Congresso Nazionale di Chimica degli Alimenti.Il programma \u00e8 provvisorio ed \u00e8 pertanto ancora possibile presentare un contributo.I Contributi Scientifici al Congresso avranno l&#8217;opportunit\u00e0 di essere pubblicati in un numero speciale della rivista Antioxidants (MDPI). sito web: https:\/\/chimali2023.it\/ >> programma<\/p>\n","protected":false},"author":5,"featured_media":0,"parent":0,"menu_order":0,"comment_status":"closed","ping_status":"closed","template":"template-sidebar-right.php","meta":{"_acf_changed":false,"footnotes":""},"categories":[],"tags":[],"class_list":["post-2802","page","type-page","status-publish","hentry"],"acf":[],"_links":{"self":[{"href":"http:\/\/140.164.41.6\/nutrheff\/index.php\/wp-json\/wp\/v2\/pages\/2802","targetHints":{"allow":["GET"]}}],"collection":[{"href":"http:\/\/140.164.41.6\/nutrheff\/index.php\/wp-json\/wp\/v2\/pages"}],"about":[{"href":"http:\/\/140.164.41.6\/nutrheff\/index.php\/wp-json\/wp\/v2\/types\/page"}],"author":[{"embeddable":true,"href":"http:\/\/140.164.41.6\/nutrheff\/index.php\/wp-json\/wp\/v2\/users\/5"}],"replies":[{"embeddable":true,"href":"http:\/\/140.164.41.6\/nutrheff\/index.php\/wp-json\/wp\/v2\/comments?post=2802"}],"version-history":[{"count":3,"href":"http:\/\/140.164.41.6\/nutrheff\/index.php\/wp-json\/wp\/v2\/pages\/2802\/revisions"}],"predecessor-version":[{"id":2806,"href":"http:\/\/140.164.41.6\/nutrheff\/index.php\/wp-json\/wp\/v2\/pages\/2802\/revisions\/2806"}],"wp:attachment":[{"href":"http:\/\/140.164.41.6\/nutrheff\/index.php\/wp-json\/wp\/v2\/media?parent=2802"}],"wp:term":[{"taxonomy":"category","embeddable":true,"href":"http:\/\/140.164.41.6\/nutrheff\/index.php\/wp-json\/wp\/v2\/categories?post=2802"},{"taxonomy":"post_tag","embeddable":true,"href":"http:\/\/140.164.41.6\/nutrheff\/index.php\/wp-json\/wp\/v2\/tags?post=2802"}],"curies":[{"name":"wp","href":"https:\/\/api.w.org\/{rel}","templated":true}]}}